s divided by 326?
202
What is the remainder when 618761 is divided by 157?
24
Calculate the remainder when 75036483 is divided by 372.
363
Calculate the remainder when 223891 is divided by 1588.
1571
What is the remainder when 97669 is divided by 3939?
3133
What is the remainder when 3447597 is divided by 36?
21
What is the remainder when 331957 is divided by 109290?
4087
What is the remainder when 557259 is divided by 99?
87
Calculate the remainder when 1656362 is divided by 1442.
946
What is the remainder when 9788908 is divided by 117?
103
What is the remainder when 26511 is divided by 8793?
132
Calculate the remainder when 79764 is divided by 9840.
1044
What is the remainder when 8170654 is divided by 97?
53
Calculate the remainder when 80635 is divided by 253.
181
Calculate the remainder when 1628575 is divided by 561.
553
What is the remainder when 4850225 is divided by 163?
160
Calculate the remainder when 70493 is divided by 22875.
1868
Calculate the remainder when 533677 is divided by 69.
31
What is the remainder when 1732260 is divided by 1582?
1552
What is the remainder when 13469 is divided by 535?
94
Calculate the remainder when 184711787 is divided by 85.
72
Calculate the remainder when 35699594 is divided by 6273.
6224
Calculate the remainder when 669019 is divided by 5768.
5699
What is the remainder when 1258537 is divided by 35?
7
What is the remainder when 46211 is divided by 449?
413
What is the remainder when 827921 is divided by 43?
42
Calculate the remainder when 5430960 is divided by 46.
16
Calculate the remainder when 4569627 is divided by 263.
2
What is the remainder when 66177893 is divided by 431?
429
Calculate the remainder when 7669460 is divided by 2499.
29
Calculate the remainder when 1552265 is divided by 1552217.
48
What is the remainder when 331115 is divided by 1403?
7
What is the remainder when 21304374 is divided by 40?
14
Calculate the remainder when 2860923 is divided by 1028.
1027
What is the remainder when 297802677 is divided by 3862?
3857
Calculate the remainder when 22751 is divided by 1721.
378
Calculate the remainder when 54478 is divided by 6632.
1422
What is the remainder when 13435 is divided by 1165?
620
Calculate the remainder when 16963500 is divided by 401.
398
Calculate the remainder when 60068680 is divided by 1045.
1035
What is the remainder when 13831 is divided by 586?
353
Calculate the remainder when 166251 is divided by 2584.
875
Calculate the remainder when 56747729 is divided by 28373860.
9
Calculate the remainder when 69116779 is divided by 52.
43
What is the remainder when 145761 is divided by 766?
221
Calculate the remainder when 17079945 is divided by 3415987.
10
Calculate the remainder when 163038 is divided by 83.
26
Calculate the remainder when 3012894 is divided by 155.
4
What is the remainder when 76164 is divided by 9653?
8593
Calculate the remainder when 6776140 is divided by 564676.
28
What is the remainder when 1421198 is divided by 1931?
1913
What is the remainder when 59450 is divided by 59109?
341
Calculate the remainder when 201242 is divided by 1881.
1856
Calculate the remainder when 129380 is divided by 43082.
134
What is the remainder when 485479 is divided by 1641?
1384
What is the remainder when 7244106 is divided by 235?
231
What is the remainder when 54650 is divided by 54643?
7
Calculate the remainder when 393523 is divided by 98365.
63
What is the remainder when 130009 is divided by 206?
23
Calculate the remainder when 550270 is divided by 60.
10
Calculate the remainder when 233697 is divided by 38890.
357
Calculate the remainder when 266811495 is divided by 131.
127
Calculate the remainder when 20009868 is divided by 52109.
12
What is the remainder when 34133 is divided by 117?
86
What is the remainder when 16312779 is divided by 114?
63
Calculate the remainder when 20680 is divided by 9895.
890
Calculate the remainder when 287773 is divided by 1020.
133
What is the remainder when 232601 is divided by 1089?
644
What is the remainder when 352783 is divided by 1302?
1243
Calculate the remainder when 403485 is divided by 3177.
6
What is the remainder when 36400 is divided by 665?
490
What is the remainder when 4676367 is divided by 62?
17
Calculate the remainder when 100694 is divided by 1419.
1364
Calculate the remainder when 334912 is divided by 25756.
84
What is the remainder when 18387433 is divided by 354?
319
What is the remainder when 6110994 is divided by 758?
756
What is the remainder when 579494 is divided by 125?
119
Calculate the remainder when 206530 is divided by 103178.
174
What is the remainder when 4793524 is divided by 452?
64
Calculate the remainder when 1690258 is divided by 422560.
18
Calculate the remainder when 1549386 is divided by 2012.
146
Calculate the remainder when 18179213 is divided by 6059716.
65
What is the remainder when 26054097 is divided by 8684697?
6
What is the remainder when 41664 is divided by 9913?
2012
What is the remainder when 3141450 is divided by 58173?
108
What is the remainder when 2194759 is divided by 2194747?
12
What is the remainder when 2641283 is divided by 2760?
2723
What is the remainder when 8963056 is divided by 103?
99
What is the remainder when 2269270 is divided by 6501?
421
Calculate the remainder when 115521 is divided by 19143.
663
What is the remainder when 5331126 is divided by 153?
147
Calculate the remainder when 229571 is divided by 114760.
51
Calculate the remainder when 598318 is divided by 554.
552
What is the remainder when 28662635 is divided by 8031?
8027
Calculate the remainder when 1874229 is divided by 1874207.
22
What is the remainder when 1408847 is divided by 8?
7
What is the remainder when 3518657 is divided by 4101?
4100
Calculate the remainder when 2852123 is divided by 1023.
1022
What is the remainder when 69661344 is divided by 15?
9
Calculate the remainder when 815442 is divided by 271811.
9
What is the remainder when 69926 is divided by 23131?
533
What is the remainder when 77647 is divided by 5535?
157
What is the remainder when 34833827 is divided by 4706?
15
Calculate the remainder when 2166788 is divided by 4096.
4
What is the remainder when 154539262 is divided by 132?
130
Calculate the remainder when 1613693 is divided by 21.
11
Calculate the remainder when 138892 is divided by 863.
812
Calculate the remainder when 20390 is divided by 2470.
630
Calculate the remainder when 30120052 is divided by 714.
676
Calculate the remainder when 725051 is divided by 863.
131
What is the remainder when 13561 is divided by 1103?
325
Calculate the remainder when 3650269 is divided by 4766.
4279
Calculate the remainder when 140057137 is divided by 1776.
1
Calculate the remainder when 922625 is divided by 125.
0
What is the remainder when 62623 is divided by 508?
139
Calculate the remainder when 2031637 is divided by 34.
1
What is the remainder when 69851118 is divided by 1365?
1338
Calculate the remainder when 462464970 is divided by 35.
30
Calculate the remainder when 259532 is divided by 27776.
9548
What is the remainder when 5404478 is divided by 772057?
79
Calculate the remainder when 988163 is divided by 68.
55
Calculate the remainder when 7776286 is divided by 536.
534
What is the remainder when 2322410 is divided by 148?
142
What is the remainder when 2301621 is divided by 52?
49
What is the remainder when 105759880 is divided by 1627?
1626
What is the remainder when 1744124 is divided by 109007?
12
What is the remainder when 5280189 is divided by 37?
30
Calculate the remainder when 52813809 is divided by 97263.
0
What is the remainder when 4423098 is divided by 2211425?
248
Calculate the remainder when 4158637 is divided by 3454.
21
What is the remainder when 37245707 is divided by 6133?
6131
Calculate the remainder when 193495804 is divided by 9.
7
Calculate the remainder when 2819511 is divided by 1409643.
225
What is the remainder when 3084189 is divided by 771030?
69
Calculate the remainder when 599495 is divided by 1656.
23
What is the remainder when 49298 is divided by 7037?
39
What is the remainder when 914987 is divided by 640?
427
What is the remainder when 426922 is divided by 19?
11
Calculate the remainder when 4169893 is divided by 764.
745
What is the remai